?
False
Does 39 divide 6713187?
True
Is 41 a factor of 460675107?
False
Is 30 a factor of 16430970?
True
Does 11 divide 203089733?
True
Is 5 a factor of 186283399?
False
Is 293863290 a multiple of 735?
True
Is 4939193058 a multiple of 2726?
True
Is 12580524 a multiple of 26?
False
Is 86672960 a multiple of 80?
True
Is 248867276 a multiple of 12?
False
Is 2948228398 a multiple of 15?
False
Is 78 a factor of 4141488?
True
Is 30 a factor of 234344670?
True
Does 427 divide 6900771322?
False
Is 51822940 a multiple of 52?
True
Does 755 divide 463686270?
True
Does 17 divide 7289805547?
True
Does 103 divide 642061563?
False
Does 7 divide 4777199?
True
Does 31 divide 1119235377?
True
Is 3 a factor of 3100434?
True
Is 540 a factor of 67245120?
True
Is 1481628190 a multiple of 49?
True
Is 113186432 a multiple of 647?
False
Is 41153287 a multiple of 155?
False
Does 11 divide 1254951118?
False
Does 643 divide 15776005?
True
Is 420 a factor of 27965464?
False
Is 8107572 a multiple of 17?
True
Is 8889829 a multiple of 31?
False
Is 7950824 a multiple of 113?
False
Is 12901051 a multiple of 493?
False
Is 12178753 a multiple of 240?
False
Is 19854997 a multiple of 664?
False
Is 59 a factor of 32624606?
False
Does 114 divide 36149514?
True
Is 112 a factor of 57173332?
False
Is 229 a factor of 43579845?
True
Does 406 divide 231535710?
True
Is 172423914 a multiple of 26?
True
Is 85391460 a multiple of 2562?
True
Is 1939334500 a multiple of 340?
True
Does 710 divide 31200240?
True
Does 8 divide 12059005?
False
Does 1186 divide 5299048?
True
Is 540 a factor of 78941961?
False
Is 108 a factor of 2898936?
True
Does 12 divide 182811756?
True
Does 1884 divide 13741896?
True
Does 3 divide 86206068?
True
Is 95195040 a multiple of 480?
True
Is 48 a factor of 61225287?
False
Is 124851153 a multiple of 10?
False
Is 516039559 a multiple of 322?
False
Is 43375120 a multiple of 32?
False
Is 126088397 a multiple of 3208?
False
Is 852597312 a multiple of 448?
True
Does 50 divide 1089296561?
False
Is 300667758 a multiple of 881?
False
Is 751 a factor of 2276321?
False
Does 7 divide 4553333?
False
Does 1543 divide 3059769?
True
Is 120793872 a multiple of 3?
True
Does 320 divide 4348248?
False
Is 97050867 a multiple of 37?
False
Is 104890596 a multiple of 1438?
True
Is 1961325251 a multiple of 6400?
False
Is 15 a factor of 207827475?
True
Is 27 a factor of 258418283?
False
Is 46 a factor of 44312628?
True
Does 33 divide 7266105?
True
Is 15310272 a multiple of 96?
True
Is 135993157 a multiple of 131?
False
Does 23 divide 1424980?
False
Does 18 divide 388501092?
True
Is 664 a factor of 1282848?
True
Is 16 a factor of 1896686080?
True
Is 380 a factor of 242880568?
False
Does 7 divide 54442888?
False
Is 96006807 a multiple of 117?
True
Is 227034082 a multiple of 29?
False
Is 474 a factor of 124284898?
False
Does 22 divide 253965404?
True
Is 47 a factor of 116516807?
True
Does 9 divide 4397265371?
False
Is 559299348 a multiple of 12?
True
Does 48 divide 876872784?
True
Is 1721 a factor of 1076498?
False
Does 319 divide 415110553?
True
Is 17425881 a multiple of 562?
False
Is 729610450 a multiple of 7258?
True
Is 600888495 a multiple of 6?
False
Is 2188281132 a multiple of 1434?
True
Is 277130304 a multiple of 66?
True
Is 7 a factor of 183849603?
True
Is 3 a factor of 1711927?
False
Is 140675361 a multiple of 2170?
False
Is 493 a factor of 2177818626?
True
Is 15134493 a multiple of 72?
False
Is 26680646 a multiple of 31?
True
Does 214 divide 445601072?
True
Is 34311515 a multiple of 53?
False
Does 88 divide 247495817?
False
Is 24376087 a multiple of 73?
True
Is 353585136 a multiple of 438?
True
Is 51961910 a multiple of 1015?
True
Is 904 a factor of 1486110912?
True
Does 13 divide 5526027?
True
Is 472515180 a multiple of 95?
True
Is 216 a factor of 102574944?
True
Is 456859032 a multiple of 596?
True
Does 23 divide 69574558?
False
Is 3170 a factor of 315405490?
True
Does 9 divide 155439720?
True
Is 520 a factor of 17356040?
True
Is 153897868 a multiple of 545?
False
Does 98 divide 400153112?
False
Is 341 a factor of 10513573?
False
Does 1259 divide 212237184?
True
Does 588 divide 34876124?
False
Is 8907077 a multiple of 3?
False
Does 597 divide 39549459?
True
Is 25949812 even?
True
Is 339760948 a multiple of 386?
False
Is 117414412 a multiple of 139?
True
Is 974 a factor of 56496870?
True
Does 13 divide 1090306251?
False
Is 28 a factor of 22111908?
True
Is 91 a factor of 1292061680?
True
Is 62 a factor of 1388490?
True
Is 74593062 a multiple of 18?
True
Does 9044 divide 1641850631?
False
Does 1275 divide 35011500?
True
Is 13247032 a multiple of 21?
False
Is 277548642 a multiple of 1953?
True
Is 16814864 a multiple of 11?
True
Is 17529125 a multiple of 425?
True
Is 130 a factor of 170842230?
True
Is 616219864 a multiple of 29?
False
Is 3 a factor of 115311027?
True
Is 40 a factor of 1373221730?
False
Is 11724 a factor of 1024067952?
True
Is 116 a factor of 11208616?
True
Does 3 divide 1263499490?
False
Is 27420419 a multiple of 4?
False
Is 1238 a factor of 236159642?
True
Is 796624627 a multiple of 62?
False
Does 54 divide 75256146?
False
Does 265 divide 92527930?
True
Is 11091322 a multiple of 12?
False
Is 45 a factor of 154051013?
False
Is 2230 a factor of 4524670?
True
Does 2455 divide 1424081670?
True
Is 48120520 a multiple of 356?
True
Is 3208712651 a multiple of 17?
True
Does 10 divide 170204302?
False
Is 227509665 a multiple of 28?
False
Is 5950 a factor of 2002017400?
False
Is 169 a factor of 47258484?
True
Is 20964486 a multiple of 6?
True
Does 15 divide 110528190?
True
Does 18 divide 78569064?
True
Does 683 divide 68535412?
False
Is 37456016 a multiple of 8?
True
Is 5 a factor of 902262306?
False
Is 342 a factor of 27975318?
False
Is 119369955 a multiple of 13?
False
Is 38544369 a multiple of 576?
False
Is 4676985 a multiple of 13?
False
Does 162 divide 2113058127?
False
Is 750 a factor of 11845500?
True
Is 423389952 a multiple of 288?
True
Does 73 divide 26240069?
True
Does 393 divide 1046221806?
True
Is 2662 a factor of 1544761262?
True
Does 1717 divide 310917794?
True
Does 265 divide 4295897245?
True
Is 1183 a factor of 679504466?
False
Is 106 a factor of 4512008932?
True
Is 11159532 a multiple of 801?
True
Does 500 divide 395453000?
True
Is 5 a factor of 5093395?
True
Is 52 a factor of 2910525253?
False
Is 3400607764 a multiple of 6764?
True
Is 1369 a factor of 118522544?
True
Is 166709883 a multiple of 263?
False
Is 88 a factor of 74342752?
True
Does 154 divide 213206027?
False
Is 85 a factor of 42229717?
False
Does 6 divide 461171910?
True
Does 395 divide 850494901?
False
Does 76 divide 117476573?
False
Is 7 a factor of 19836487?
False
Is 38062673 a multiple of 27?
False
Is 12254160 a multiple of 80?
True
Is 28951832 a multiple of 28?
True
Does 1406 divide 13647326?
False
Is 39 a factor of 5358923802?
False
Does 8 divide 37258973?
False
Is 185 a factor of 6888660?
True
Is 1276 a factor of 468576548?
True
Does 54 divide 33575519?
False
Is 107 a factor of 39834738?
False
Is 259484595 a multiple of 2012?
False
Is 144790152 a multiple of 92?
True
Does 30 divide 1045752018?
False
Does 7 divide 9487775?
False
Is 1838 a factor of 132604348?
True
Is 4236 a factor of 349751427?
False
Does 36 divide 11212668?
True
Is 1103 a factor of 79206430?
True
Does 9106 divide 802416101?
False
Does 20 divide 1979400?
True
Does 114 divide 52235229?
False
Does 39 divide 123635538?
True
Does 11 divide 8166?
False
Is 795545384 a multiple of 898?
True
Does 6791 divide 2043077998?
False
Is 270584 a multiple of 149?
True
Is 13991615 a multiple of 355?
True
Is 46691534 a multiple of 11?
False
Is 112 a factor of 478617118?
False
Does 9 divide 118988883?
True
Is 238310162 a multiple of 85?
False
Is 63364104 a multiple of 2?
True
Is 404747039 a multiple of 41?
True
Is 78 a factor of 91739093?
False
Is 34 a factor of 980046396?
True
Is 903973312 a multiple of 22?
True
Is 79363242 a multiple of 3417?
True
Is 180471435 a multiple of 609?
False
Is 49504249 a multiple of 595?
False
Is 27684749 a multiple of 2480?
False
Does 22 divide 1512409440?
False
Does 23 divide 26818055?
False
Does 26 divide 1065680382?
True
Is 2758 a factor of 35131404?
True
Is 26841459 a multiple of 116?
False
Does 3601 divide 986078